7))
3
What is the value of (-8 - -3 - -6) + -4?
-3
Calculate 9 - (17 + -5 + -3).
0
Calculate 2 + (-2 - 6 - (12 - 19)).
1
Calculate -3 + 2 + -6 + 7.
0
What is -8 + (6 - -1) - (-5 - 0)?
4
Calculate -6 + 0 + 2 + 9 - 3.
2
What is -4 - ((-6 - -3) + 1)?
-2
What is the value of (-3 - (6 + -4) - -6) + -5?
-4
6 - ((3 - -3) + -18 + 13)
5
-5 + 3 + 5 + -10
-7
(2 - (0 - (5 - 4))) + -4
-1
What is -2 + 19 + -5 + -7?
5
Evaluate -45 - -45 - (1 + 0 - -2).
-3
What is the value of -1 - (-11 - (-11 + 4))?
3
What is 0 + -4 - (87 + -90)?
-1
What is (-1 - -3) + (16 - 19) - 4?
-5
What is the value of -1 - (0 + (0 - -3))?
-4
(-5 - (-5 + 6 + -2)) + 1
-3
What is the value of 4 - (9 - 3) - -4?
2
What is the value of (-3 - -7) + -3 + 1 + -3?
-1
1 - (0 + (-5 - -7))
-1
(-4 - (1 + -2)) + -146 + 152
3
What is 2 + 8 + -4 - 1?
5
What is the value of -3 + -3 + 4 + -2 + 3?
-1
Evaluate (9 - (20 - 14)) + (3 - 11).
-5
Calculate (-33 - -31) + 5 + -1 + 3.
5
4 - (6 + -1 + 2)
-3
Evaluate -6 + 16 - (1 + 7) - 0.
2
What is the value of 4 - (1 + 0 + -2 + 1)?
4
Calculate 1 + (4 - (2 + 4)).
-1
Calculate 10 + -1 + 0 + -6 + 7.
10
What is the value of (-3 + 2 - 3) + 3?
-1
12 - (-6 - (-12 + 0))
6
Calculate 3 + (-1 - 1) + 0.
1
Evaluate -11 - (1 + -4 + -3) - -5.
0
8 - 0 - (9 + 22 + -30)
7
What is 8 + -11 - (-4 + -2)?
3
What is the value of 7 - (-5 + 9 + 0)?
3
Calculate (1 - 9 - (-2 - 3)) + 1.
-2
Calculate (-1 - -7) + 1 + -5 + -1.
1
Evaluate -6 + (-1 + -1 - 0) + 3.
-5
Calculate -6 + -2 - (-6 + -2 + 8).
-8
Evaluate 6 + -2 - (3 + (4 - 7)).
4
What is the value of (-3 - 5) + 1 + 0 + 10?
3
Calculate 0 + 14 - (1 + (2 - -4)).
7
Calculate 0 + 14 + -11 - -7.
10
Evaluate -9 - -10 - (-5 + 5).
1
Calculate -1 - -1 - (67 + -69).
2
What is -5 + -2 + 12 + -3?
2
Evaluate (3 - 3) + 6 + -4.
2
What is -1 + 4 + -27 + 24 - -4?
4
What is -3 - (4 - (-8 - -21))?
6
Evaluate -11 - (15 + -13 - 5).
-8
3 - ((3 - 1) + 3)
-2
Evaluate -2 - (-2 + (5 - 4)).
-1
What is the value of 0 + (7 - 6) + -4?
-3
What is (-16 + 8 - 3) + 4 + 1?
-6
What is -7 + 17 - (1 - (1 - 3))?
7
-1 + (2 - 1) - (-14 - -12)
2
Evaluate 5 + -11 + 9 + 3.
6
Calculate (20 - 22 - (-4 + -2)) + -5.
-1
8 + -4 + -5 - -10
9
2 + 0 - 1 - 3 - 3
-5
37 + -42 + (6 - -2)
3
What is 4 - (-3 - -3 - 1)?
5
Calculate (5 - 11 - -5) + -4.
-5
What is (2 - 12) + 5 - -5?
0
Evaluate -4 + -1 + (-2 - -6) - -6.
5
What is -8 - (6 + -20 + -3)?
9
What is the value of 6 + (4 - 1 - (0 + 4))?
5
Calculate -18 - (5 + -8) - -9.
-6
Evaluate 0 + 2 - -6 - 3.
5
Evaluate -1 + (5 - 6) + (-3 - 0).
-5
Evaluate -6 - (-13 - (-1 - 4)).
2
Calculate -6 - (1 + -5 + 5 - 8).
1
Evaluate -1 + (3 + 6 - (-2 + 4)).
6
What is the value of (-3 + -1 - -3) + (0 - -5)?
4
Calculate (8 - 2) + -2 + -11.
-7
What is (-2 - 4) + 6 + -3?
-3
-3 - (-1 + -5) - -3 - 4
2
What is the value of (2 - -1) + (1 - (4 + -8))?
8
What is the value of -8 + 4 + (7 - 3)?
0
What is the value of 0 + 2 + 0 + -2 + 3?
3
What is -3 - (3 + 0 + -27 + 17)?
4
What is 3 - (-4 - (0 - 2) - -4)?
1
What is -4 - (-14 + 1 + 5 + 1)?
3
(-7 - (-4 + 8 + -10)) + 8
7
What is the value of -4 + (2 - (-3 + 0)) - -2?
3
Evaluate 26 - 26 - (1 + 0).
-1
What is 2 + (1 + -2 - 4)?
-3
What is (-6 - (11 + -8)) + 0 - -6?
-3
Calculate 1 + 2 - (-6 - -11) - 3.
-5
10 + (10 - 34) + 9
-5
Calculate (-1 - (11 - 12)) + 3.
3
Evaluate (-4 - (-1 - 3)) + 0.
0
What is the value of (14 - 5) + -8 + -7?
-6
What is the value of 7 - (14 + -7 + -3 + 4)?
-1
What is the value of 9 + -4 + 0 - 0?
5
What is -3 - (-7 - ((-3 - -8) + -2))?
7
What is the value of -1 - -6 - (16 + 12 + -19)?
-4
What is 4 - (-1 + 4 + -3)?
4
What is the value of 4 + (-5 - (-3 + -5))?
7
Evaluate 22 + -6 + -24 - (-1 - 4).
-3
(2 - 2) + -32 + 28
-4
What is the value of -1 + 0 + (-2 - (1 + -2))?
-2
Evaluate -1 + 7 - (-12 + 15).
3
1 - (0 + 1) - (21 + -16)
-5
3 + (0 - -2) + 9 + -19
-5
Calculate -5 + 7 + (1 + -3 - -5).
5
What is the value of 13 + -11 + (-4 - -3)?
1
Evaluate (-1 - -3 - 0) + (-3 - -2).
1
Evaluate 0 - 2 - -5 - 2 - 1.
0
What is the value of (-12 - -12) + (0 + 1 - 6)?
-5
Evaluate 4 + 3 + -13 - -1.
-5
Evaluate 1 - (0 - (-3 - -3)).
1
What is the value of 6 - ((3 - 4) + 2)?
5
1 - (10 + (-8 - -3))
-4
What is (-11 + 6 - -8) + 0?
3
2 + -3 + 0 + -7 + 3
-5
Evaluate -5 + -2 + -2 + 4.
-5
Calculate 0 + -1 + -3 + -1.
-5
What is the value of (2 - 4 - -5) + 39 + -44?
-2
Calculate 3 + 1 + -2 + 2 - 5.
-1
What is (15 - 7 - 3) + 0?
5
Evaluate 3 + (8 - (6 - 3)) + -4.
4
What is the value of -14 - (1 + 1 + (-2 - 7))?
-7
Evaluate -2 + (4 - 3) - (-8 + 8).
-1
What is 12 - 18 - -14 - 6?
2
Evaluate 0 - -5 - 10 - -10.
5
What is the value of -1 + 4 + -6 - (2 + -4)?
-1
0 + -5 + 12 + -8
-1
Evaluate (2 - (-4 + 3)) + -4 + 2.
1
What is 11 + -14 - (-3 + 1)?
-1
What is the value of (5 + -5 - -2) + -3?
-1
What is -4 + -1 + 2 - (-1 - -2)?
-4
What is -20 + 19 - ((-4 - 2) + 2)?
3
What is (5 - -3) + -7 - (-1 + 1)?
1
What is 287 - 289 - (0 + 1 - 6)?
3
Evaluate (-4 + 3 - 0) + 1.
0
(-1 - 1) + (-4 - -6) - 4
-4
Evaluate 1 + -3 - ((3 - 8) + 1).
2
-4 - (2 + -2) - (-6 - -2)
0
-2 + 0 + (3 - 0) + -5
-4
-6 - -5 - 4 - -3
-2
What is 1 + (5 - ((-1 - -2) + 3))?
2
Evaluate 0 - 1 - (2 - (0 - -3)).
0
-23 - -25 - (-10 + 3 + 0)
9
Evaluate -1 + (0 - -4) + (-9 - -3).
-3
What is the value of 5 + 0 - (112 - 103)?
-4
Calculate (1 - 4) + (9 - 18) + 8.
-4
Evaluate -7 - -2 - (-10 - -2 - 1).
4
What is the value of (5 - (1 + 9)) + 8?
3
Evaluate 3 - (-3 - (-2 + -7)) - -2.
-1
-4 - (-6 - (8 - 16))
-6
What is 4 + -6 - (5 - (-3 + 4))?
-6
What is the value of -1 - (-3 - (1 + 1 - 8))?
-4
What is (-79 - -72) + (6 - -1)?
0
Calculate (4 - 2 - (8 - 2)) + 4.
0
Evaluate -17 + 1 - (-4 - (7 - 6)).
-11
What is (0 - 0) + (-1 - -8 - 11)?
-4
Calculate (-13 - -9) + -11 + (-2 - -9).
-8
What is 1 + 2 - (23 - 19)?
-1
Calculate 2 + -6 + (-7 - -6).
-5
Calculate (-23 - -28 - (0 + -2)) + -5.
2
Evaluate (4 - 4) + (3 + -5 - -6).
4
Calculate -6 - (5 - 8 - 14) - 7.
4
What is the value of 4 + 0 - (9 - 9) - -2?
6
What is the value of (1 - 4) + (-2 - -1)?
-4
What is 3 - 0 - (0 + -1 + 0)?
4
Evaluate 4 + -1 - 6 - 1.
-4
What is the value of (-3 - -2) + (10 - 0)?
9
-10 + (-2 - -2 - -9)
-1
What is -3 - (8 - 4 - (0 - 0))?
-7
What is the value of -9 - -12 - (4 - (2 + -4))?
-3
What is the value of -11 + 5 + 11 - (-8 - -11)?
2
What is 1 - (-1 + -1 + 1)?
2
What is 1 - -1 - (-3 + (6 - 5))?
4
Evaluate -8 - -16 - 10 - (-2 - -1).
-1
Evaluate 5 + (-17 - (-3 - 2)) + 4.
-3
3 + -6 - (14 - 24)
7
-33 - -25 - (1 + -20 + 1)
10
Evaluate (13 + -6 - 16) + 10.
1
Evaluate (6 - 10) + -8 + 8.
-4
What is the value of -7 - 0 - -16 - 7?
2
Evaluate -1 + 9 + -2 - 13.
-7
(0 + 3 - -5) + -3
5
Evaluate 3 - 7 - -6 - -6 - 3.
5
What is the value of (9 - (-1 - -6)) + -9?
-5
Evaluate -7 + -4 + 16 + 2.
7
Evaluate -2 + (9 - (4 + 4)) + -2.
-3
7 + 6 + -6 + -2 + -3
2
Evaluate 12 + 2 + 0 + -13 + 5.
6
Evaluate 6 - (1 - 6 - -6 - -2).
3
What is the value of -32 + 27 + 8 + 1?
4
Evaluate 1 + -5 + (-19 - -21).
-2
Evaluate 5 + (-5 - -4) + -7 + -1.
-4
Evaluate 3 + (-1 - (-4 - -5)).
1
What is 3 + (-4 - 1) + 4?
2
-4 + 5 + (2 - 8) + 8
3
What is the value of 1 + (-2 - 3) - 1?
-5
Evaluate (-4 - -4) + (1 - -5).
6
Calculate 1 - (0 - -4) - -3.
0
-2 + (8 + -8 - -7)
5
What is (3 + 3 - 7) + 0?
-1
What is the value of 5 - (18 + 0 + (3 - 10))?
-6
What is (4 - 3) + -1 + -4?
-4
Calculate 2 + -3 - (5 + -3 + 5).
-8
Calculate 9 + -9 + -7 - (-2 - 5).
0
Calculate (-4 - -1) + (-1 - -10) + 0.
6
Evaluate -1 + (0 + 0 - 1) + -3.
-5
Calculate (6 - 15) + 4 + 3.
-2
(2 - 0) + 2 + -6 + 5
3
-2 + (2 - (9 - 6)) - -6
3
What is -20 + 22 - (1 + 1)?
0
What is the value of 1 + -1 - (-3 - (-5 - 1))?
-3
-7 - ((7 - 3) + -12)
1
Calculate 2 - -1 - (-4 + 5) - -4.
6
Evaluate (5 - -9) + -6 + -5.
3
Evaluate 5 - ((-18 - -15) + (7 - 1)).
2
Evaluate -2 + (0 + 6 - 3) + 5.
6
What is the value of 0 - 1 - (4 - 7)?
2
What is the value of (4 - 9) + 10 - 3 - 4?
-2
Calculate -1 + -7 + -1 + -23 + 29.
-3
Calculate -35 - -24 - (6 + -18).
1
0 - (4 - (1 - -4))
1
Evaluate -5 + 7 + (4 - (4 - -3)).
-1
Evaluate -4 + 14 + 14 + -19.
5
What is the value of (-9 - -15) + -9 + -1?
-4
Evaluate 0 + 2 + -8 + 2.
-4
Calculate 0 + (-1 - -1) + 0.
0
What is (4 - 8 - -1) + -2?
-5
What is -5 + 1 + 0 + 2?
-2
-65 + 79 - (4 + 1)
9
(3 - 5) + -3 - -6
1
(0 - (-2 - -1)) + -1 + 3
3
Calculate 5 + 1 + -4 + 1.
3
Calculate (-4 - 9) + (11 - 4).
-6
What is 5 - (9 + -6 - (5 - 2))?
5
E